{"id":334,"date":"2019-10-03T13:43:50","date_gmt":"2019-10-03T11:43:50","guid":{"rendered":"http:\/\/www.naturheilpraxis-bettina-henker.de\/?page_id=334"},"modified":"2025-05-17T13:05:48","modified_gmt":"2025-05-17T11:05:48","slug":"impressum","status":"publish","type":"page","link":"http:\/\/www.naturheilpraxis-bettina-henker.de\/?page_id=334","title":{"rendered":"Impressum"},"content":{"rendered":"\n<div class=\"wp-block-columns alignwide is-layout-flex wp-container-core-columns-is-layout-9d6595d7 wp-block-columns-is-layout-flex\">\n<div class=\"wp-block-column is-layout-flow wp-block-column-is-layout-flow\" style=\"flex-basis:33.33%\"><\/div>\n\n\n\n<div class=\"wp-block-column is-layout-flow wp-block-column-is-layout-flow\" style=\"flex-basis:66.66%\">\n<h2 class=\"wp-block-heading\"><strong>Impressum<\/strong><\/h2>\n\n\n\n<h5 class=\"wp-block-heading\">Naturheilpraxis<\/h5>\n\n\n\n<p class=\"has-text-align-left has-very-dark-gray-color has-text-color\">Bettina Henker\n<br>Friedrich- Gottlob- Keller- Stra\u00dfe 14b\n<br>01814 Bad Schandau \/OT Krippen\n<\/p>\n\n\n\n<p class=\"has-text-align-left has-very-dark-gray-color has-text-color\">Telefon: 035028\/85717 <br>Fax: 035028\/85718 <br>E-Mail: <a href=\"mailto:kontakt@naturheilpraxis-bettina-henker.de\">kontakt@naturheilpraxis-bettina-henker.de<\/a><\/p>\n\n\n\n<hr class=\"wp-block-separator has-text-color has-css-opacity has-background is-style-wide\" style=\"background-color:#a3a36a;color:#a3a36a\"\/>\n\n\n\n<p class=\"has-text-align-left has-very-dark-gray-color has-text-color\"><strong>Gesetzliche\nBerufsbezeichnung<\/strong><\/p>\n\n\n\n<p class=\"has-text-align-left has-very-dark-gray-color has-text-color\">Heilpraktiker (verliehen in\nder Bundesrepublik Deutschland )<\/p>\n\n\n\n<hr class=\"wp-block-separator has-text-color has-css-opacity has-background is-style-wide\" style=\"background-color:#a3a36a;color:#a3a36a\"\/>\n\n\n\n<p class=\"has-text-align-left has-very-dark-gray-color has-text-color\"><strong>Zust\u00e4ndige Aufsichtsbeh\u00f6rde<\/strong><\/p>\n\n\n\n<p class=\"has-very-dark-gray-color has-text-color\">Landratsamt Pirna <br>Abt.: Gesundheit und Soziales <br>01796 Pirna <br>Schlosshof 2\/4<\/p>\n\n\n\n<hr class=\"wp-block-separator has-text-color has-css-opacity has-background is-style-wide\" style=\"background-color:#a3a36a;color:#a3a36a\"\/>\n\n\n\n<p class=\"has-text-align-left has-very-dark-gray-color has-text-color\"><strong>Berufsrechtliche\nRegelungen<\/strong><\/p>\n\n\n\n<p class=\"has-text-align-left has-very-dark-gray-color has-text-color\">Gesetz \u00fcber die berufsm\u00e4\u00dfige\nAus\u00fcbung der Heilkunde ohne \u00e4rztliche Bestallung (Heilpraktiker &#8211; Gesetz)<\/p>\n\n\n\n<hr class=\"wp-block-separator has-text-color has-css-opacity has-background is-style-wide\" style=\"background-color:#a3a36a;color:#a3a36a\"\/>\n\n\n\n<p class=\"has-text-align-left has-very-dark-gray-color has-text-color\"><strong>Durchf\u00fchrungsverordnung<\/strong><\/p>\n\n\n\n<p class=\"has-text-align-left has-very-dark-gray-color has-text-color\">Nachzulesen im Internet unter:<\/p>\n\n\n\n<p class=\"has-text-align-left has-very-dark-gray-color has-text-color\">http:\/\/ <a href=\"https:\/\/www.gesetze-im-internet.de\/heilprg\/BJNR002510939.html\" target=\"_blank\" rel=\"noreferrer noopener\">https:\/\/www.gesetze-im-internet.de\/heilprg<\/a> <\/p>\n\n\n\n<p class=\"has-text-align-left has-very-dark-gray-color has-text-color\">und<\/p>\n\n\n\n<p class=\"has-text-align-left has-very-dark-gray-color has-text-color\">http:\/\/<a href=\"http:\/\/www.Gesetze-im-Internet.de\/heilprgdv_1\/index.html\" target=\"_blank\" rel=\"noreferrer noopener\"> www.Gesetze-im-Internet.de\/heilprgdv_1\/index.html <\/a><\/p>\n\n\n\n<p class=\"has-text-align-left has-very-dark-gray-color has-text-color\">oder<\/p>\n\n\n\n<p class=\"has-text-align-left has-very-dark-gray-color has-text-color\"><a href=\"https:\/\/freieheilpraktiker.com\/informationen-fuer-patient-innen\/299-heilpraktikergesetz\" target=\"_blank\" rel=\"noreferrer noopener\">http:\/\/freieheilpraktiker.com\/Patienteninfo\/Heilpraktikergesetz<\/a><\/p>\n\n\n\n<hr class=\"wp-block-separator has-text-color has-css-opacity has-background is-style-wide\" style=\"background-color:#a3a36a;color:#a3a36a\"\/>\n\n\n\n<p class=\"has-text-align-left has-very-dark-gray-color has-text-color\"><strong>Berufsordnung:<\/strong> nachzulesen im Internet unter <\/p>\n\n\n\n<p class=\"has-text-align-left has-very-dark-gray-color has-text-color\"><a href=\"https:\/\/freieheilpraktiker.com\/berufsordnung\" target=\"_blank\" rel=\"noreferrer noopener\">http:\/\/freieheilpraktiker.com\/Patienteninfo\/Berufsordnung<\/a><\/p>\n\n\n\n<hr class=\"wp-block-separator has-text-color has-css-opacity has-background is-style-wide\" style=\"background-color:#a3a36a;color:#a3a36a\"\/>\n\n\n\n<p class=\"has-text-align-left has-very-dark-gray-color has-text-color\">Heilkundige T\u00e4tigkeit ist von\nder Umsatzsteuer gem\u00e4\u00df \u00a7 4 Nr.14 USTG befreit.<\/p>\n\n\n\n<hr class=\"wp-block-separator has-text-color has-css-opacity has-background is-style-wide\" style=\"background-color:#a3a36a;color:#a3a36a\"\/>\n\n\n\n<p class=\"has-text-align-left has-very-dark-gray-color has-text-color\">Bilder: Ullrich Schirm, pixabay.com , unsplash.com, pexels.com<\/p>\n\n\n\n<p>Weitere Bilder:<\/p>\n\n\n\n<p>Schamanin \u2013 Urheberin: Annett Noack<\/p>\n\n\n\n<p>Kolibri &#8211; AdobeStock_587325078 | Urheber: Elena<\/p>\n\n\n\n<p>Ohr-Akupunktur &#8211; AdobeStock_743256021 | Urheber: Generative AI<\/p>\n\n\n\n<p>Blutegeltherapie &#8211; AdobeStock_374866671 | Urheber: Denys Kurbatov<\/p>\n\n\n\n<p>Bachbl\u00fctentherapie: AdobeStock_910030608 | Urheber: TamiArita<\/p>\n\n\n\n<p>Schamanin Bettina Henker \u2013 Annett Noack<\/p>\n\n\n\n<p>Mesa Blumen, Mesa Feder \u2013 Bettina Henker<\/p>\n\n\n\n<p>Adler &#8211; AdobeStock_951438381 | Urheber: Rawpixel.com<\/p>\n\n\n\n<p>Mesa Trommel \u2013 Bettina Henker<\/p>\n\n\n\n<p>Frau\/Bauch\/H\u00e4nde &#8211; AdobeStock_903915716 | Urheber: raja<\/p>\n\n\n\n<p>Feuer\/Despacho \u2013 Isabella Marker<\/p>\n\n\n\n<p>Krafttiere \u2013 Adler: AdobeStock_951438381 | Urheber: Rawpixel.com; Kolibri: Kolibri &#8211; AdobeStock_587325078 | Urheber: Elena; Jaguar: AdobeStock_627809306 | Urheber: Artem; Schlange: AdobeStock_627812235 | Urheber: Artem; Kristall: AdobeStock_ 1147465189 | Urheber: chaiyadid<\/p>\n<\/div>\n<\/div>\n","protected":false},"excerpt":{"rendered":"<p>Impressum Naturheilpraxis Bettina Henker Friedrich- Gottlob- Keller- Stra\u00dfe 14b 01814 Bad Schandau \/OT Krippen Telefon: 035028\/85717 Fax: 035028\/85718 E-Mail: kontakt@naturheilpraxis-bettina-henker.de Gesetzliche Berufsbezeichnung Heilpraktiker (verliehen in der Bundesrepublik Deutschland ) Zust\u00e4ndige Aufsichtsbeh\u00f6rde Landratsamt Pirna Abt.: Gesundheit und Soziales 01796 Pirna Schlosshof 2\/4 Berufsrechtliche Regelungen Gesetz \u00fcber die berufsm\u00e4\u00dfige Aus\u00fcbung der Heilkunde&#8230;<\/p>\n","protected":false},"author":1,"featured_media":0,"parent":0,"menu_order":0,"comment_status":"closed","ping_status":"closed","template":"","meta":{"footnotes":""},"class_list":["post-334","page","type-page","status-publish","hentry"],"_links":{"self":[{"href":"http:\/\/www.naturheilpraxis-bettina-henker.de\/index.php?rest_route=\/wp\/v2\/pages\/334","targetHints":{"allow":["GET"]}}],"collection":[{"href":"http:\/\/www.naturheilpraxis-bettina-henker.de\/index.php?rest_route=\/wp\/v2\/pages"}],"about":[{"href":"http:\/\/www.naturheilpraxis-bettina-henker.de\/index.php?rest_route=\/wp\/v2\/types\/page"}],"author":[{"embeddable":true,"href":"http:\/\/www.naturheilpraxis-bettina-henker.de\/index.php?rest_route=\/wp\/v2\/users\/1"}],"replies":[{"embeddable":true,"href":"http:\/\/www.naturheilpraxis-bettina-henker.de\/index.php?rest_route=%2Fwp%2Fv2%2Fcomments&post=334"}],"version-history":[{"count":19,"href":"http:\/\/www.naturheilpraxis-bettina-henker.de\/index.php?rest_route=\/wp\/v2\/pages\/334\/revisions"}],"predecessor-version":[{"id":870,"href":"http:\/\/www.naturheilpraxis-bettina-henker.de\/index.php?rest_route=\/wp\/v2\/pages\/334\/revisions\/870"}],"wp:attachment":[{"href":"http:\/\/www.naturheilpraxis-bettina-henker.de\/index.php?rest_route=%2Fwp%2Fv2%2Fmedia&parent=334"}],"curies":[{"name":"wp","href":"https:\/\/api.w.org\/{rel}","templated":true}]}}